ed by 932.
931
Calculate the remainder when 3048 is divided by 1517.
14
What is the remainder when 24632 is divided by 94?
4
Calculate the remainder when 53078 is divided by 103.
33
Calculate the remainder when 463 is divided by 113.
11
What is the remainder when 5213 is divided by 1179?
497
Calculate the remainder when 24606 is divided by 24603.
3
Calculate the remainder when 5617 is divided by 330.
7
Calculate the remainder when 31049 is divided by 80.
9
Calculate the remainder when 2723 is divided by 771.
410
Calculate the remainder when 5962 is divided by 1984.
10
Calculate the remainder when 6483 is divided by 44.
15
Calculate the remainder when 16117 is divided by 392.
45
Calculate the remainder when 321597 is divided by 8.
5
Calculate the remainder when 2818 is divided by 118.
104
Calculate the remainder when 14596 is divided by 2187.
1474
What is the remainder when 1530 is divided by 1356?
174
What is the remainder when 2496 is divided by 53?
5
Calculate the remainder when 2357 is divided by 197.
190
What is the remainder when 10135 is divided by 620?
215
What is the remainder when 82161 is divided by 449?
443
What is the remainder when 30686 is divided by 6134?
16
Calculate the remainder when 55613 is divided by 93.
92
What is the remainder when 1859925 is divided by 38?
15
Calculate the remainder when 38353 is divided by 12781.
10
What is the remainder when 369 is divided by 146?
77
Calculate the remainder when 16920 is divided by 204.
192
Calculate the remainder when 7386 is divided by 211.
1
Calculate the remainder when 230860 is divided by 28855.
20
Calculate the remainder when 4657 is divided by 125.
32
What is the remainder when 1581645 is divided by 397?
394
What is the remainder when 8641 is divided by 1707?
106
Calculate the remainder when 848620 is divided by 184.
12
What is the remainder when 317920 is divided by 207?
175
Calculate the remainder when 9272 is divided by 1381.
986
Calculate the remainder when 7243 is divided by 219.
16
What is the remainder when 9176 is divided by 1829?
31
Calculate the remainder when 11453 is divided by 171.
167
What is the remainder when 132183 is divided by 403?
402
What is the remainder when 5067 is divided by 25?
17
What is the remainder when 143883 is divided by 137?
33
What is the remainder when 7011 is divided by 132?
15
What is the remainder when 31431 is divided by 78?
75
Calculate the remainder when 2476225 is divided by 15.
10
Calculate the remainder when 40794 is divided by 27.
24
What is the remainder when 679150 is divided by 12?
10
What is the remainder when 1521 is divided by 326?
217
What is the remainder when 86556 is divided by 40?
36
Calculate the remainder when 112237 is divided by 411.
34
What is the remainder when 25964 is divided by 15?
14
What is the remainder when 5321 is divided by 412?
377
Calculate the remainder when 9145 is divided by 183.
178
Calculate the remainder when 7853 is divided by 470.
333
Calculate the remainder when 20291 is divided by 9983.
325
What is the remainder when 20690 is divided by 2003?
660
What is the remainder when 1026 is divided by 204?
6
Calculate the remainder when 2405935 is divided by 86.
85
What is the remainder when 2353724 is divided by 760?
4
What is the remainder when 353154 is divided by 47?
43
What is the remainder when 9979 is divided by 43?
3
What is the remainder when 772902 is divided by 19818?
0
What is the remainder when 18501 is divided by 2959?
747
What is the remainder when 7977 is divided by 396?
57
Calculate the remainder when 933 is divided by 38.
21
What is the remainder when 3747 is divided by 658?
457
What is the remainder when 11215 is divided by 55?
50
Calculate the remainder when 25940 is divided by 25928.
12
Calculate the remainder when 18180 is divided by 41.
17
Calculate the remainder when 7253256 is divided by 20.
16
What is the remainder when 967378 is divided by 1402?
1400
What is the remainder when 18398 is divided by 4489?
442
What is the remainder when 36792 is divided by 2769?
795
Calculate the remainder when 6299 is divided by 1773.
980
What is the remainder when 427597 is divided by 1328?
1309
What is the remainder when 9625 is divided by 1633?
1460
Calculate the remainder when 606 is divided by 260.
86
What is the remainder when 180637 is divided by 782?
777
What is the remainder when 39183 is divided by 214?
21
What is the remainder when 477 is divided by 224?
29
What is the remainder when 92669 is divided by 81?
5
Calculate the remainder when 19511 is divided by 9738.
35
What is the remainder when 4788 is divided by 249?
57
What is the remainder when 53870 is divided by 1171?
4
Calculate the remainder when 276402 is divided by 62.
6
What is the remainder when 65214 is divided by 169?
149
Calculate the remainder when 50641 is divided by 12657.
13
What is the remainder when 148103 is divided by 13?
7
What is the remainder when 2971333 is divided by 65?
53
Calculate the remainder when 22069 is divided by 62.
59
What is the remainder when 1972 is divided by 9?
1
Calculate the remainder when 70346 is divided by 35160.
26
Calculate the remainder when 317502 is divided by 278.
26
What is the remainder when 13011741 is divided by 1104?
1101
Calculate the remainder when 5361 is divided by 256.
241
What is the remainder when 18156 is divided by 443?
436
Calculate the remainder when 4338 is divided by 188.
14
What is the remainder when 2896 is divided by 2880?
16
What is the remainder when 3969 is divided by 1289?
102
What is the remainder when 2732 is divided by 156?
80
What is the remainder when 5363 is divided by 5283?
80
Calculate the remainder when 115871 is divided by 38537.
260
What is the remainder when 3663839 is divided by 80?
79
Calculate the remainder when 5860 is divided by 647.
37
Calculate the remainder when 699 is divided by 185.
144
Calculate the remainder when 28807 is divided by 131.
118
What is the remainder when 4245 is divided by 23?
13
Calculate the remainder when 28561 is divided by 4758.
13
Calculate the remainder when 113965 is divided by 34.
31
What is the remainder when 1762 is divided by 148?
134
What is the remainder when 100197 is divided by 5893?
16
What is the remainder when 1505 is divided by 283?
90
What is the remainder when 748 is divided by 125?
123
What is the remainder when 106930 is divided by 629?
0
What is the remainder when 3100 is divided by 453?
382
Calculate the remainder when 29390 is divided by 1398.
32
Calculate the remainder when 821991 is divided by 236.
3
What is the remainder when 3230013 is divided by 25?
13
What is the remainder when 2644 is divided by 2639?
5
Calculate the remainder when 5463 is divided by 5458.
5
What is the remainder when 64578 is divided by 376?
282
Calculate the remainder when 5356 is divided by 5347.
9
What is the remainder when 16251 is divided by 95?
6
What is the remainder when 4489 is divided by 2227?
35
What is the remainder when 3274 is divided by 1090?
4
What is the remainder when 20121 is divided by 347?
342
Calculate the remainder when 1859 is divided by 150.
59
Calculate the remainder when 2930 is divided by 306.
176
What is the remainder when 4002 is divided by 1312?
66
Calculate the remainder when 24808 is divided by 12402.
4
Calculate the remainder when 48407 is divided by 72.
23
What is the remainder when 11890 is divided by 1782?
1198
Calculate the remainder when 522654 is divided by 269.
256
Calculate the remainder when 40983 is divided by 179.
171
What is the remainder when 1771 is divided by 92?
23
What is the remainder when 511637 is divided by 47?
42
Calculate the remainder when 13050 is divided by 318.
12
Calculate the remainder when 279978 is divided by 456.
450
What is the remainder when 3893232 is divided by 1385?
1382
What is the remainder when 159163 is divided by 79483?
197
Calculate the remainder when 644 is divided by 65.
59
What is the remainder when 9809 is divided by 612?
17
What is the remainder when 4386 is divided by 389?
107
What is the remainder when 21776 is divided by 2418?
14
Calculate the remainder when 15946 is divided by 107.
3
What is the remainder when 579091 is divided by 8516?
3
Calculate the remainder when 414562 is divided by 179.
177
Calculate the remainder when 783014 is